 factors of 3006612?
2, 3, 7, 41, 97
What are the prime factors of 380514?
2, 3, 63419
What are the prime factors of 1989355?
5, 53, 7507
List the prime factors of 19557619.
127, 153997
What are the prime factors of 5675760?
2, 3, 5, 7883
List the prime factors of 4433561.
11, 3331
What are the prime factors of 3675444?
2, 3, 53, 5779
What are the prime factors of 721587?
3, 31, 7759
List the prime factors of 4830486.
2, 3, 805081
List the prime factors of 2449680.
2, 3, 5, 59, 173
List the prime factors of 574294.
2, 7, 17, 19, 127
List the prime factors of 8333460.
2, 3, 5, 67, 691
List the prime factors of 10906870.
2, 5, 13, 53, 1583
What are the prime factors of 11927108?
2, 2981777
List the prime factors of 142772.
2, 7, 5099
What are the prime factors of 1110929?
1110929
List the prime factors of 577341.
3, 21383
List the prime factors of 155963.
23, 6781
List the prime factors of 1224221.
17, 23, 31, 101
List the prime factors of 13784886.
2, 3, 765827
List the prime factors of 6230674.
2, 1373, 2269
List the prime factors of 821757.
3, 273919
What are the prime factors of 3147413?
1511, 2083
List the prime factors of 10356488.
2, 1294561
What are the prime factors of 4017213?
3, 199, 2243
What are the prime factors of 4045148?
2, 23, 43969
List the prime factors of 2362038.
2, 3, 7, 56239
List the prime factors of 11084428.
2, 109, 25423
List the prime factors of 27195189.
3, 7, 17, 4481
What are the prime factors of 2143327?
103, 20809
What are the prime factors of 1276482?
2, 3, 79, 2693
List the prime factors of 286684.
2, 71671
List the prime factors of 483653.
151, 3203
List the prime factors of 444175.
5, 109, 163
List the prime factors of 1812630.
2, 3, 5, 23, 37, 71
List the prime factors of 331008.
2, 3, 431
List the prime factors of 412316.
2, 103079
List the prime factors of 22324681.
31, 720151
List the prime factors of 1253890.
2, 5, 11, 11399
List the prime factors of 34095.
3, 5, 2273
What are the prime factors of 230750?
2, 5, 13, 71
List the prime factors of 2054138.
2, 101, 10169
List the prime factors of 12127249.
29, 418181
List the prime factors of 26475344.
2, 7, 236387
List the prime factors of 16045908.
2, 3, 1337159
List the prime factors of 227133.
3, 25237
List the prime factors of 390821.
390821
What are the prime factors of 104298?
2, 3, 17383
What are the prime factors of 2375459?
2375459
What are the prime factors of 334512?
2, 3, 23, 101
List the prime factors of 2280208.
2, 7, 20359
What are the prime factors of 76259?
76259
List the prime factors of 1489791.
3, 631, 787
What are the prime factors of 51331?
7, 7333
What are the prime factors of 17626559?
79, 347, 643
List the prime factors of 3458827.
3458827
What are the prime factors of 665059?
373, 1783
List the prime factors of 1821001.
7, 13, 20011
List the prime factors of 708964.
2, 421
List the prime factors of 404381.
404381
List the prime factors of 494224.
2, 17, 23, 79
What are the prime factors of 25803814?
2, 71, 181717
What are the prime factors of 776019?
3, 258673
What are the prime factors of 15072439?
15072439
List the prime factors of 28127002.
2, 67, 79, 2657
What are the prime factors of 248492?
2, 23, 37, 73
List the prime factors of 2679283.
2679283
What are the prime factors of 176006?
2, 88003
List the prime factors of 3846564.
2, 3, 59, 1811
What are the prime factors of 174044?
2, 13, 3347
List the prime factors of 2816826.
2, 3, 19, 24709
List the prime factors of 667829.
667829
What are the prime factors of 8420856?
2, 3, 350869
What are the prime factors of 9059838?
2, 3, 23, 65651
List the prime factors of 1307816.
2, 163477
List the prime factors of 913954.
2, 17, 26881
List the prime factors of 196174.
2, 11, 37, 241
What are the prime factors of 677001?
3, 13, 17359
What are the prime factors of 6344858?
2, 13, 244033
List the prime factors of 36375782.
2, 2441, 7451
List the prime factors of 230498.
2, 115249
What are the prime factors of 1877904?
2, 3, 7, 23
List the prime factors of 4522558.
2, 71, 31849
What are the prime factors of 11332887?
3, 31, 233, 523
List the prime factors of 2703538.
2, 71, 79, 241
What are the prime factors of 11832491?
11, 1075681
What are the prime factors of 13427297?
13, 17, 60757
List the prime factors of 40859.
7, 13, 449
What are the prime factors of 14950307?
61, 245087
List the prime factors of 677702.
2, 338851
List the prime factors of 166994.
2, 83497
List the prime factors of 114936.
2, 3, 4789
List the prime factors of 10877290.
2, 5, 1087729
What are the prime factors of 3839420?
2, 5, 13, 14767
List the prime factors of 26385183.
3, 11, 9871
What are the prime factors of 6952748?
2, 11, 158017
What are the prime factors of 157417?
13, 12109
What are the prime factors of 2998?
2, 1499
What are the prime factors of 5154465?
3, 5, 343631
What are the prime factors of 564909?
3, 188303
List the prime factors of 15427209.
3, 7, 104947
What are the prime factors of 10203884?
2, 2550971
What are the prime factors of 815965?
5, 163193
List the prime factors of 2717930.
2, 5, 191, 1423
What are the prime factors of 488163?
3, 13, 12517
What are the prime factors of 785609?
11, 71419
What are the prime factors of 10543627?
31, 340117
What are the prime factors of 20251570?
2, 5, 29, 69833
List the prime factors of 222734.
2, 17, 6551
List the prime factors of 271822.
2, 135911
What are the prime factors of 228660?
2, 3, 5, 37, 103
What are the prime factors of 5366170?
2, 5, 19, 61, 463
List the prime factors of 204211.
7, 29173
What are the prime factors of 102604?
2, 113, 227
List the prime factors of 11324207.
31, 365297
List the prime factors of 410978.
2, 67, 3067
List the prime factors of 1862146.
2, 11, 13, 17, 383
List the prime factors of 180836.
2, 53, 853
List the prime factors of 260578.
2, 113, 1153
List the prime factors of 2580278.
2, 23, 56093
What are the prime factors of 104734?
2, 7, 7481
What are the prime factors of 5373406?
2, 457, 5879
What are the prime factors of 230730?
2, 3, 5, 7691
What are the prime factors of 249216?
2, 3, 11, 59
List the prime factors of 280957.
280957
List the prime factors of 28800885.
3, 5, 823, 2333
List the prime factors of 104704.
2, 409
What are the prime factors of 424235?
5, 7, 17, 23, 31
List the prime factors of 708525.
3, 5, 47, 67
What are the prime factors of 8669546?
2, 277, 15649
What are the prime factors of 9947839?
11, 17, 53197
List the prime factors of 3721182.
2, 3, 620197
List the prime factors of 496726.
2, 307, 809
What are the prime factors of 592961?
97, 6113
What are the prime factors of 122536?
2, 17, 53
List the prime factors of 5032539.
3, 83, 6737
What are the prime factors of 2800617?
3, 29, 32191
What are the prime factors of 3267527?
43, 75989
What are the prime factors of 22407?
3, 7, 11, 97
List the prime factors of 421529.
43, 9803
What are the prime factors of 195001?
109, 1789
List the prime factors of 330702.
2, 3, 55117
What are the prime factors of 130535?
5, 26107
What are the prime factors of 501551?
17, 163, 181
List the prime factors of 48175.
5, 41, 47
List the prime factors of 168534.
2, 3, 3121
What are the prime factors of 417901?
11, 37991
List the prime factors of 3418782.
2, 3, 569797
What are the prime factors of 17846301?
3, 11, 19, 28463
What are the prime factors of 3480820?
2, 5, 7, 23, 47
What are the prime factors of 125288?
2, 15661
List the prime factors of 2509696.
2, 7, 2801
List the prime factors of 3532282.
2, 13, 103, 1319
What are the prime factors of 3396104?
2, 439, 967
List the prime factors of 13176597.
3, 7, 389, 1613
What are the prime factors of 117740?
2, 5, 7, 29
What are the prime factors of 16582225?
5, 11, 17, 3547
List the prime factors of 291544.
2, 11, 3313
What are the prime factors of 218024?
2, 27253
What are the prime factors of 1386426?
2, 3, 269, 859
What are the prime factors of 21331060?
2, 5, 1066553
List the prime factors of 495958.
2, 17, 29, 503
What are the prime factors of 946174?
2, 23, 67, 307
List the prime factors of 162224.
2, 10139
What are the prime factors of 1393684?
2, 348421
List the prime factors of 1780107.
3, 7, 29, 37, 79
What are the prime factors of 774387?
3, 23, 29, 43
What are the prime factors of 101820?
2, 3, 5,